d. What is the tens digit of u?
6
Let g(w) = w**2 + 11*w + 3. Let v be g(-11). Let j = v - 41. Let u = j - -53. What is the units digit of u?
5
Let n(s) = -s**3 - 10*s**2 - 16*s + 2. Let u be n(-13). Suppose -3*v = -4*c + u, 4*v - 184 = 4*c - 5*c. What is the hundreds digit of c?
1
Let z(g) = -g**3 - 5*g**2 + 10*g + 8. Let m be z(-7). Let i = -63 - -68. Suppose 9*t - m = i*t. What is the units digit of t?
9
Let p = -14 + 18. Suppose -o + 135 = -2*i, p*o - 395 = o + i. What is the tens digit of o?
3
Let o = -67 + 61. Let d(f) = f**2 - 3*f + 4. What is the units digit of d(o)?
8
Suppose -f = 7 + 11. What is the tens digit of ((-6)/f)/((-3)/(-459))?
5
Suppose -6*q + 9*q + 336 = 0. Let z = q - -194. What is the units digit of z?
2
Suppose -4*h + k + 505 = 0, -200 = -3*h + 4*k + 169. Suppose 40 = l - t, 0*l = 3*l + 4*t - h. What is the tens digit of l?
4
Suppose 3*y = 3*f - 15, -2*f + 7 + 3 = -y. What is the units digit of 152 + (4/(-24) - f/6)?
1
Let n = -87 + 78. Let m(f) = -f**3 - 7*f**2 + 12*f + 4. What is the tens digit of m(n)?
5
Let p = -15 + 14. Let m be 4/5*(6 + p). Suppose h + 56 = 4*h - 4*a, -85 = -m*h - 5*a. What is the units digit of h?
0
Suppose -s + 5*s - 16 = 0. Suppose -12 = -s*j - 0. What is the units digit of j + (3 - 3) + 19?
2
Let g = 1023 - 716. What is the hundreds digit of g?
3
Suppose 4*m + 2*n + n - 9 = 0, -3*n - 18 = -5*m. Suppose m*c + 221 = 2*y, -5*y = -5*c - 904 + 359. What is the hundreds digit of y?
1
Let n = 25 + -18. Suppose n + 14 = 3*j. What is the units digit of j?
7
Let x = 25 + -27. Let q be -5 - (3 + x - 4). What is the tens digit of 870/20 + (-3)/q?
4
Suppose -6 - 6 = 2*g. Let o(n) = -21*n - 32. What is the tens digit of o(g)?
9
Let g(y) = 3*y - 15. Let w be g(4). Let m = 6 + -7. What is the units digit of (w/m)/(3/9)?
9
Let g(a) = 12*a**2 + a - 84. What is the units digit of g(9)?
7
Suppose u = 4*u - 6. What is the units digit of (u - 2 - -123)/(18/24)?
4
What is the units digit of (-1 - 4) + (-16 - -59)?
8
Let s be (8 + 2)*(-2)/4. Let t be (-1 - s) + (1 - 0). Suppose -t = 2*l - 27. What is the units digit of l?
1
Let h = 724 + -665. Let d(u) = -4*u + 7. Let p be d(5). Let w = p + h. What is the tens digit of w?
4
Let r(n) = -n**2 - 11*n + 17. Let t be r(-12). Suppose 10*j = t*j + 1020. What is the hundreds digit of j?
2
Let h = 20 + -36. Let g(x) = 2*x + 39. What is the units digit of g(h)?
7
Suppose 2*q - 4*q = -4*j + 1324, 3*j = 5*q + 993. What is the hundreds digit of j?
3
Suppose -3*v = -0*v - 12, -4*y + 272 = 4*v. Suppose -y = -2*p + 86. Suppose -2*i = i - p. What is the tens digit of i?
2
Suppose 39*y = -2*y + 14432. What is the hundreds digit of y?
3
Let f = -5 + 3. Let g = 67 + f. Let j = 92 - g. What is the tens digit of j?
2
Let x = -8 - -10. Let b be 2 + 1 - 7 - -75. Suppose f = -2*u - 2*f + b, x*u = 2*f + 46. What is the tens digit of u?
2
Suppose 535 = 3*m - k, -4*m + 5*m + 3*k - 165 = 0. What is the hundreds digit of m?
1
Let r be 0 + (-2)/2 + 3. Let s(j) = -2*j**3 - 34*j**2 - 34*j - 12. Let a be s(-16). Suppose 0 = -r*c + a - 10. What is the units digit of c?
5
What is the hundreds digit of 10012/(-14)*7/14*-7?
5
Let n(z) = -z**3 - 18*z**2 - 4*z - 44. What is the units digit of n(-18)?
8
Let s(h) be the third derivative of -h**6/12 - h**5/30 + h**4/8 + h**3/3 - 12*h**2. What is the tens digit of s(-2)?
6
What is the tens digit of (-3)/6 - (-4055)/10?
0
What is the units digit of -4*3/(-30) - (-27294)/15?
0
Let u = 1185 + -825. Let a be -1 + 19/4 - 8/(-32). Suppose 0 = t + a*t - u. What is the tens digit of t?
7
Let o(v) = -315*v - 569. What is the thousands digit of o(-11)?
2
Let j(a) = a**3 + 11*a**2 - 7*a - 7. Let b be j(-8). Suppose -6*u + b = -413. What is the tens digit of u?
0
Let d(i) = -140*i**3 - i**2 + 1. Let z(h) = -2*h + 5. Let l be z(3). Let n be d(l). Suppose s - b = -4*s + n, 0 = 2*s - 4*b - 38. What is the units digit of s?
9
Suppose -5 = m + 2*z, -m = 3*m - 3*z + 75. Let v = 54 + m. What is the units digit of v?
9
Let l = 1805 + 398. What is the tens digit of l?
0
Let c = -7 - -12. Let b(v) = 2*v**2 + 4 - 2*v - v - 3*v. What is the units digit of b(c)?
4
Suppose -9*c + 5*c = 0. Let d = c + 36. Suppose -d = -5*j - 1. What is the units digit of j?
7
Suppose 0 = -4*s + 5*w + 3, -3*w - 2*w + 15 = 5*s. What is the hundreds digit of s/((-9)/(7065/(-10)))?
1
Let g = 2014 - 1026. What is the tens digit of g?
8
Suppose 2*u + b = 1177, -b = -3*u - 4*b + 1770. What is the tens digit of u?
8
Let j(t) = -t**2 + 6*t + 2. Let q be j(6). Let n(h) = h + 1. Let d be n(10). Suppose -3*o - 4*g = -q*o + d, -2*g = 3*o - 17. What is the units digit of o?
9
Let j(l) = -l**3 - 6*l**2 + 19. What is the hundreds digit of j(-9)?
2
Suppose -8*m - 4*m - 7020 = 0. Let l = m - -854. What is the tens digit of l?
6
Suppose -38393 - 17957 = -25*o. What is the units digit of o?
4
Let y(b) = 15*b - 9 + 11*b**2 + b**2 - 10*b**2. What is the tens digit of y(4)?
8
Let r = 1077 - 41. What is the tens digit of r?
3
Suppose 5*c - 3*c - 4 = 0. Suppose 0*x + 46 = c*x. What is the tens digit of x?
2
Suppose -z + j = -j + 38, 8 = -4*j. Let c = z - -80. What is the units digit of c?
8
Suppose 0 = 2*i - 3*i - 1. Let q = i + 5. Suppose 0 = -4*p + 4*m + 92, 0 = -p + 5*m + 19 - q. What is the units digit of p?
5
Suppose -365*b = -356*b - 5391. What is the tens digit of b?
9
Suppose 0 = 5*k + 4*i - 5, -i = i. Suppose -k = 3*d - 4. What is the units digit of (-15)/(-5) - (d + 0)?
2
Let l be 1 - 3 - (-11 + 7). Suppose -o = -3*o + 3*x + 97, l*x = o - 49. What is the tens digit of o?
4
Let h(u) = 2*u**2 - u + 1. Let q be 3*(0 - 4/(-4)). What is the tens digit of h(q)?
1
Suppose -2*v - 326 - 40 = -2*x, 2*x - 378 = -v. What is the units digit of x?
7
Let u = -1082 - -3272. What is the hundreds digit of u?
1
Suppose 0 = -5*j - 4*l + 32, -11 = -2*j + 2*l - 3*l. Suppose -4*g - j = 36. What is the units digit of (6/5)/((-3)/g)?
4
Let r be ((-4)/3)/(16/(-24)). Suppose 0*d - d = -r*o, -o = 2*d - 10. Suppose -2*q = -o*s + 58, 0 = q + 4 - 6. What is the units digit of s?
1
Suppose 7 = 2*b - 1. Suppose -4*l + 20 = b*d, 4*l = 4*d - 0*l - 36. What is the units digit of d?
7
What is the thousands digit of (226/5*1)/((-11)/(-495))?
2
Let c = 1 + 10. What is the units digit of c?
1
Let p = 30 - 24. Let g be -7 - (-5)/(10/p). What is the units digit of 1/g + (-1683)/(-44)?
8
Let n = 103 - -4. Let j = n + -27. What is the tens digit of j?
8
What is the tens digit of (96 - 95)*(57 - -1)?
5
What is the hundreds digit of 194*(-15)/(-20)*320/12?
8
Let n(j) = -77*j - 3. What is the units digit of n(-1)?
4
Let i = 977 + -480. What is the tens digit of i?
9
Let j(m) = -24*m - 6. Let p be j(-3). Let w(q) = -q**2 - 17*q - 5. Let i be w(-18). Let c = p + i. What is the units digit of c?
3
Suppose 0 = -4*t - 5*a + 636, -4*t + 795 = t + 4*a. What is the hundreds digit of t?
1
Let w(l) = -7*l + 15. Let m be w(3). Let n(v) = -v**3 + 2*v**2 + v + 6. What is the tens digit of n(m)?
8
Let m(s) = 135*s**2 - 25*s + 63. What is the tens digit of m(3)?
0
Suppose 2*t - 20 - 26 = 0. Let l = 72 - t. What is the units digit of l?
9
Suppose -6*x = -2*x + 68. Let r(h) = -h**3 - 18*h**2 - 22*h - 37. What is the units digit of r(x)?
8
Suppose -6 - 4 = -5*i. Suppose 5*z = 15, -3*z - 12 = -i*p + 21. Suppose 4*v = 3*v, 3*o - v = p. What is the units digit of o?
7
Let y be (-360)/(-96)*(-16)/(-3). Suppose r + 2*z - 71 = 178, -y = -5*z. What is the units digit of r?
1
Let p(n) = 2*n**3 + 12*n**2 + 19*n + 33. What is the thousands digit of p(10)?
3
Let o = 231 + -134. Suppose -4*m = -4*n - 424, -m - 3*n + n = -o. What is the units digit of m?
3
What is the units digit of (-1209)/(-6)*14/7?
3
Let l(p) be the first derivative of p**3 + 19*p**2/2 - 11*p - 4. What is the tens digit of l(-12)?
9
Suppose -198 = -2*s + 700. Suppose 6*l - 95 + s = 0. Let i = -25 - l. What is the units digit of i?
4
Let y(w) = -65*w + 55. Let n(b) = 32*b - 27. Let x(v) = 5*n(v) + 2*y(v). What is the tens digit of x(6)?
5
Suppose -4*v - 7074 = -2*s, -6*s + 5*v = -8*s + 7047. What is the thousands digit of s?
3
Let i(q) = -59*q**3 - 4 + 2*q + 5 + q**2 - 190*q**3 + 46*q**3. What is the units digit of i(-1)?
3
Let a be 288*(-1)/3*-6. Let n = 811 - a. What is the units digit of n?
5
Let k(h) = h - 4. Let v b